 is the remainder when 1118829 is divided by 3586?
3583
What is the remainder when 1627825 is divided by 1376?
17
What is the remainder when 17396662 is divided by 9348?
34
Calculate the remainder when 28409410 is divided by 284.
38
Calculate the remainder when 4242976 is divided by 255.
31
What is the remainder when 212687 is divided by 212596?
91
What is the remainder when 6541517 is divided by 663?
359
What is the remainder when 105291 is divided by 34908?
567
What is the remainder when 1398879 is divided by 8128?
863
Calculate the remainder when 20084 is divided by 2841.
197
What is the remainder when 683382104 is divided by 1166?
1164
Calculate the remainder when 1272055 is divided by 1272017.
38
Calculate the remainder when 19778536 is divided by 9889255.
26
Calculate the remainder when 959844 is divided by 12479.
11440
What is the remainder when 87320 is divided by 27943?
3491
Calculate the remainder when 6794528 is divided by 222.
218
What is the remainder when 3778662 is divided by 52?
30
What is the remainder when 7553 is divided by 3491?
571
What is the remainder when 5224640 is divided by 351?
5
What is the remainder when 3902257 is divided by 1951128?
1
Calculate the remainder when 1296985 is divided by 45.
40
What is the remainder when 3953739 is divided by 2608?
11
Calculate the remainder when 1825570 is divided by 5157.
5149
What is the remainder when 55862378 is divided by 59?
57
What is the remainder when 425131 is divided by 423823?
1308
Calculate the remainder when 3201564 is divided by 17.
5
What is the remainder when 1668995 is divided by 653?
580
What is the remainder when 6442552 is divided by 377?
376
Calculate the remainder when 14728898 is divided by 5.
3
What is the remainder when 8519403 is divided by 532460?
43
What is the remainder when 1146005 is divided by 61?
59
Calculate the remainder when 136393 is divided by 16942.
857
What is the remainder when 591610 is divided by 156?
58
Calculate the remainder when 18916 is divided by 9420.
76
Calculate the remainder when 74901 is divided by 1432.
437
Calculate the remainder when 36327063 is divided by 424.
15
Calculate the remainder when 118397 is divided by 117698.
699
What is the remainder when 989868 is divided by 310?
38
Calculate the remainder when 15284554 is divided by 262.
260
What is the remainder when 5257621 is divided by 14852?
13
Calculate the remainder when 476415 is divided by 574.
569
Calculate the remainder when 372525 is divided by 23266.
269
What is the remainder when 679375 is divided by 16?
15
Calculate the remainder when 1093123 is divided by 363483.
2674
What is the remainder when 24022725 is divided by 52?
25
Calculate the remainder when 34582494 is divided by 804.
42
Calculate the remainder when 96189440 is divided by 48094671.
98
What is the remainder when 126951 is divided by 233?
199
What is the remainder when 535216 is divided by 7002?
3064
Calculate the remainder when 10343483 is divided by 11.
7
What is the remainder when 1842618 is divided by 519?
168
Calculate the remainder when 775838 is divided by 142.
92
Calculate the remainder when 1425729 is divided by 475230.
39
What is the remainder when 431793 is divided by 736?
497
What is the remainder when 4499620 is divided by 1499872?
4
What is the remainder when 277880 is divided by 489?
128
What is the remainder when 9149335 is divided by 857?
3
Calculate the remainder when 113715 is divided by 56484.
747
What is the remainder when 2875053 is divided by 4721?
4685
What is the remainder when 140529 is divided by 547?
497
Calculate the remainder when 3355709 is divided by 1118535.
104
Calculate the remainder when 1810231 is divided by 58393.
48
What is the remainder when 266759 is divided by 7998?
2825
Calculate the remainder when 74096014 is divided by 1516.
1514
What is the remainder when 11579627 is divided by 47652?
191
What is the remainder when 103555 is divided by 100183?
3372
Calculate the remainder when 145036 is divided by 71.
54
Calculate the remainder when 3444550 is divided by 382724.
34
What is the remainder when 2501560 is divided by 472?
432
What is the remainder when 15670626 is divided by 67?
63
What is the remainder when 9468230 is divided by 80925?
5
Calculate the remainder when 294007 is divided by 2723.
2646
What is the remainder when 8592259 is divided by 327?
7
Calculate the remainder when 30811443 is divided by 133.
131
What is the remainder when 7317927 is divided by 167?
154
What is the remainder when 7273833 is divided by 220419?
6
What is the remainder when 3062799 is divided by 261?
225
Calculate the remainder when 222926 is divided by 222742.
184
What is the remainder when 1150193 is divided by 95849?
5
Calculate the remainder when 152895 is divided by 25478.
27
Calculate the remainder when 40164 is divided by 1815.
234
What is the remainder when 6270967 is divided by 165022?
131
What is the remainder when 11503324 is divided by 94?
74
Calculate the remainder when 37495423 is divided by 4684.
3
What is the remainder when 112837833 is divided by 996?
993
What is the remainder when 5018 is divided by 3739?
1279
What is the remainder when 2145853 is divided by 49901?
110
Calculate the remainder when 165730 is divided by 11409.
6004
Calculate the remainder when 721960260 is divided by 157.
156
Calculate the remainder when 1967646 is divided by 218627.
3
Calculate the remainder when 7477195 is divided by 3350.
3345
What is the remainder when 69592 is divided by 68559?
1033
Calculate the remainder when 1449122 is divided by 998.
26
What is the remainder when 6259107 is divided by 19378?
13
Calculate the remainder when 11757520 is divided by 5.
0
Calculate the remainder when 2052340 is divided by 15.
10
What is the remainder when 169522807 is divided by 13?
12
Calculate the remainder when 31048 is divided by 3879.
16
Calculate the remainder when 116989129 is divided by 92.
89
What is the remainder when 38375 is divided by 12507?
854
Calculate the remainder when 106579 is divided by 7611.
25
Calculate the remainder when 2882805 is divided by 14.
9
Calculate the remainder when 352726 is divided by 639.
637
Calculate the remainder when 10696420 is divided by 10696407.
13
What is the remainder when 1504483 is divided by 65412?
7
What is the remainder when 94883872 is divided by 1092?
1084
What is the remainder when 6915139 is divided by 52?
23
What is the remainder when 589721 is divided by 2169?
1922
What is the remainder when 117455107 is divided by 342?
337
Calculate the remainder when 1763061 is divided by 161.
111
Calculate the remainder when 217490 is divided by 108620.
250
Calculate the remainder when 10068507 is divided by 3356167.
6
Calculate the remainder when 5162129 is divided by 67.
47
What is the remainder when 32513 is divided by 348?
149
Calculate the remainder when 927884 is divided by 496.
364
What is the remainder when 84041 is divided by 21004?
25
Calculate the remainder when 268753 is divided by 2223.
1993
What is the remainder when 7908788 is divided by 28?
20
Calculate the remainder when 255872842 is divided by 2584.
2578
Calculate the remainder when 1114465 is divided by 9.
4
Calculate the remainder when 4749046 is divided by 93117.
79
What is the remainder when 18967 is divided by 201?
73
What is the remainder when 186609465 is divided by 805?
0
Calculate the remainder when 16623 is divided by 3321.
18
What is the remainder when 94944630 is divided by 3956025?
30
Calculate the remainder when 43058071 is divided by 3.
1
Calculate the remainder when 334919086 is divided by 903.
901
Calculate the remainder when 1924198 is divided by 199.
67
Calculate the remainder when 50244491 is divided by 772992.
11
What is the remainder when 1892166 is divided by 126140?
66
Calculate the remainder when 592097 is divided by 1155.
737
Calculate the remainder when 38069690 is divided by 141523.
3
Calculate the remainder when 218165 is divided by 366.
29
Calculate the remainder when 82771842 is divided by 39.
36
Calculate the remainder when 10983310 is divided by 246.
148
What is the remainder when 6873887 is divided by 392?
167
What is the remainder when 870299 is divided by 4463?
14
What is the remainder when 356703 is divided by 178150?
403
Calculate the rem